 m(l) = l**3 - 9*l**2 - l - 2. Give m(9).
-11
Let f(w) = w**2 + 9*w + 15. What is f(-8)?
7
Let w(z) = -6*z + 47. Give w(8).
-1
Let f(g) = g**3 + 16*g**2 - 4*g + 2. Give f(-16).
66
Let n(d) = -72*d + 420. Give n(6).
-12
Let i(y) = -y**2 + 28*y - 45. Determine i(26).
7
Let j(l) = l - 36. Give j(35).
-1
Let q(o) = o - 2. What is q(6)?
4
Let r(g) = g**2 - 21*g + 23. Give r(21).
23
Let s(f) = 17*f + 9. Determine s(-2).
-25
Let c(j) = -j**3 - 7*j**2 - j - 7. Give c(-7).
0
Let j(m) = -m**3 - 6*m**2 - 5*m - 5. Determine j(-5).
-5
Let u(o) = -2*o**3 - 105*o**2 - 154*o - 50. What is u(-51)?
1
Let q(b) = -b**3 - 2*b**2. Give q(-3).
9
Let p(l) = -2*l**3 + 11*l**2 - 3*l - 4. Give p(5).
6
Let f(l) = -l**3 + 12*l**2 + 12*l + 13. Calculate f(13).
0
Let d(s) = 3*s**2 - 8*s - 12. Determine d(7).
79
Let y(j) = -j - 9. Calculate y(-6).
-3
Let r(j) = 2*j**2 - 6*j - 4. What is r(-6)?
104
Let z(p) = 26*p - 11. Calculate z(1).
15
Let j(u) = 3*u + 1. Give j(3).
10
Let m(a) = -a**3 - 7*a**2 - 12*a - 35. Calculate m(-6).
1
Let i(f) = f**2 + 3*f - 29. What is i(9)?
79
Let i(a) = a**2 - 13*a - 44. Calculate i(16).
4
Let m(f) = f**2 + 5*f - 9. What is m(-7)?
5
Let v(h) = -h - 4. What is v(-10)?
6
Let k(x) = -9*x - 21. Calculate k(-6).
33
Let z(m) = 4*m - 5. Give z(0).
-5
Let j(v) = v**2 + 9*v - 9. Determine j(-8).
-17
Let i(s) = -s**3 + 10*s**2 - 11*s - 24. Determine i(8).
16
Let l(q) = 8*q**3 - 4*q**2 + 2*q - 1. Determine l(1).
5
Let o(d) = -2*d**3 + 6*d**2 - 5*d + 57. Calculate o(4).
5
Let j(q) = -q**3 - 6*q**2 - 18*q - 44. Give j(-4).
-4
Let y(s) = -2*s + 14. Give y(-4).
22
Let u(n) = n**2 - 3*n - 2. Give u(-3).
16
Let p(s) = s**3 - 11*s**2 - 28*s + 13. Determine p(13).
-13
Let t(u) = 30*u - 292. What is t(10)?
8
Let t(u) = -3*u**2 + 18*u - 9. What is t(4)?
15
Let u(l) = -l**3 - 4*l**2 + 5*l. Give u(-6).
42
Let v(q) = 2*q**2 + 41*q + 24. Calculate v(-20).
4
Let o(c) = -c**3 - 15*c**2 + 16*c - 12. Give o(-16).
-12
Let j(m) = m**2 - m - 8. What is j(7)?
34
Let g(b) = -b**3 - 8*b**2 - 2*b + 3. Calculate g(-7).
-32
Let u(t) = 2*t**2 - 5*t - 11. Give u(6).
31
Let f(w) = -90*w + 1258. Give f(14).
-2
Let m(p) = 19*p + 53. Calculate m(-3).
-4
Let n(j) = -j**3 + 6*j**2 - 37*j + 217. Give n(6).
-5
Let h(y) = y**2 - 9*y + 8. Calculate h(1).
0
Let w(h) = -68*h - 351. Calculate w(-5).
-11
Let t(h) = h**2 + 54*h - 29. Determine t(0).
-29
Let o(j) = -j**3 + 20*j**2 - 35*j - 44. Give o(18).
-26
Let m(c) = c + 6. Determine m(-9).
-3
Let y(o) = 17*o + 959. What is y(-56)?
7
Let h(u) = 3*u + 16. Determine h(-4).
4
Let r(t) = 4*t**2 - 6*t - 14. Calculate r(8).
194
Let c(l) = 2*l**2 - l + 2. What is c(1)?
3
Let f(h) = 2*h**2 + 16*h - 4. What is f(-8)?
-4
Let a(b) = -8*b - 34. Calculate a(-5).
6
Let y(w) = w**2 + 4*w - 8. Give y(-8).
24
Let t(s) = -s - 14. Calculate t(-11).
-3
Let m(c) = -c - 15. What is m(-7)?
-8
Let w(r) = -3*r + 9. What is w(7)?
-12
Let l(c) = c**3 + 16*c**2 + 11*c - 34. Give l(-15).
26
Let n(j) = 3*j - 42. What is n(18)?
12
Let u(m) = -28*m + 89. Calculate u(4).
-23
Let d(j) = 14*j + 29. What is d(-3)?
-13
Let d(q) = 2*q**2 + 4*q - 4. Calculate d(-3).
2
Let s(d) = d**3 + 15*d**2 + 14*d + 11. What is s(-14)?
11
Let u(m) = 20*m**2 - m. Determine u(1).
19
Let n(p) = -48*p + 484. What is n(10)?
4
Let j(v) = 3*v + 19. Give j(-5).
4
Let j(k) = 2*k**2 - 12*k - 6. Determine j(7).
8
Let h(a) = -3*a + 95. What is h(-14)?
137
Let x(w) = -w - 32. Give x(-22).
-10
Let z(r) = 2*r + 9. What is z(-8)?
-7
Let g(t) = t**2 + 13*t + 16. Give g(-8).
-24
Let b(g) = g**3 + 11*g**2 - 3*g - 7. Give b(-11).
26
Let o(n) = n + 11. What is o(10)?
21
Let a(y) = -y**3 - 8*y**2 + 18*y - 11. Calculate a(-10).
9
Let b(s) = 23*s - 766. Determine b(33).
-7
Let r(q) = -q**3 - 11*q**2 - 19*q + 4. Give r(-9).
13
Let n(s) = -2*s**3 + 6*s**2 + 5*s + 9. What is n(5)?
-66
Let l(y) = y**3 + 5*y**2 - 7*y + 17. Calculate l(-7).
-32
Let q(i) = i**2 - 8*i - 4. What is q(6)?
-16
Let m(r) = -26*r + 4. Calculate m(0).
4
Let v(g) = g**3 + 3*g**2 + 2. What is v(-3)?
2
Let h(y) = -y - 3. What is h(-5)?
2
Let t(n) = 8*n - 47. What is t(7)?
9
Let d(c) = -2*c - 1. Determine d(0).
-1
Let u(w) = -w**2 - 6*w - 3. Give u(-6).
-3
Let h(p) = p**2 + 3. What is h(2)?
7
Let c(i) = 2*i**2 - 3*i - 97. Give c(7).
-20
Let l(m) = -m**3 + 4*m**2 + m + 3. Determine l(3).
15
Let m(u) = u**3 - 18*u**2 - 4*u + 77. Give m(18).
5
Let a(i) = -i**2 + 2*i - 3. Give a(2).
-3
Let c(x) = -2*x - 15. Calculate c(0).
-15
Let g(d) = -3*d - 5. Give g(-4).
7
Let r(a) = a**2 - 12*a - 2. Determine r(-6).
106
Let r(n) = -n**3 - 9*n**2 + n - 11. Determine r(-9).
-20
Let r(w) = -15*w - 170. Determine r(-12).
10
Let t(g) = -79*g - 12. Give t(-1).
67
Let z(g) = g**2 + 5*g + 2. Calculate z(-6).
8
Let g(y) = -y**2 + 16*y + 9. Determine g(16).
9
Let s(t) = -t - 29. Calculate s(0).
-29
Let u(j) = j**2 - 75*j + 224. Calculate u(72).
8
Let g(a) = -a**3 + a**2 + 2*a - 3. Determine g(2).
-3
Let j(y) = 2*y**3 + 5*y**2 + y + 4. Give j(-3).
-8
Let f(y) = -5*y - 1. Determine f(-1).
4
Let m(q) = q**2 - 11*q + 8. Give m(7).
-20
Let n(x) = 31*x. Calculate n(2).
62
Let s(k) = -k**3 - 47*k**2 - 45*k + 33. Give s(-46).
-13
Let k(c) = c**2 - c + 6. What is k(4)?
18
Let f(d) = 2*d**2 + 14*d - 4. Determine f(-7).
-4
Let g(j) = -j**3 + 4*j**2 + 4*j - 2. Give g(-1).
-1
Let v(g) = -g**3 - 5*g**2 - 4*g + 3. What is v(-5)?
23
Let c(d) = d**2 + d + 17. Give c(0).
17
Let q(a) = -2*a + 3. Calculate q(6).
-9
Let r(c) = -c**2 + 6*c - 5. Determine r(4).
3
Let k(a) = a**2 + 4*a. Give k(-5).
5
Let o(m) = m**2 - 16*m + 20. Give o(14).
-8
Let z(g) = g**3 - 10*g**2 - 3*g + 8. Determine z(10).
-22
Let i(a) = -a + 35. Determine i(13).
22
Let l(f) = -f**2 + 9*f - 3. Calculate l(10).
-13
Let k(j) = 8*j + 7. Determine k(-3).
-17
Let h(m) = m - 42. What is h(0)?
-42
Let d(k) = 4*k + 14. What is d(9)?
50
Let c(r) = 4*r**2 + r. Give c(4).
68
Let r(p) = p**2 - 17*p - 27. Determine r(18).
-9
Let y(u) = -u**3 + 6*u**2 + 6*u + 9. Give y(7).
2
Let o(v) = 2*v**3 - 2*v**2 + 3*v + 1. Calculate o(0).
1
Let v(c) = c**2 - 2*c - 3. Determine v(5).
12
Let l(a) = -19*a - 391. Give l(-20).
-11
Let k(u) = -7*u**2 - 1. Calculate k(1).
-8
Let i(b) = -5*b + 35. Calculate i(11).
-20
Let o(d) = -d**3 - 22*d**2 - 20*d + 30. Determine o(-21).
9
Let g(h) = h**2 + 9*h. Give g(-8).
-8
Let u(t) = 8*t**3 - t**2 + t + 1. Determine u(-1).
-9
Let b(d) = d**3 + 3*d**2 - 5*d. What is b(-5)?
-25
Let s(w) = -12*w**2 + 4*w + 5. Calculate s(-1).
-11
Let s(p) = -10*p - 3. Determine s(3).
-33
Let v(x) = -x**2 - 5*x - 6. Determine v(-4).
-2
Let u(f) = 2*f + 32. Calculate u(0).
32
Let i(j) = -j**3 - 5*j**2 + 7*j. What is i(-6)?
-6
Let d(g) = 11*g - 3. Give d(-3).
-36
Let g(y) = -y**2 + 19*y - 41. Calculate g(16).
7
Let t(j) = 35*j + 362. What is t(-10)?
12
Let z(h) = -h**3 - h**2 - h - 1. Calculate z(-2).
5
Let j(z) = -2*z**2 - 39*z - 142. Give j(-5).
3
Let a(u) = u**2 - 4*u - 9. Give a(4).
-9
Let i(f) = f**3 - 9*f**2 - 13*f + 17. Give i(10).
-13
Let r(h) = 2*h + 14. Give r(-14).
-14
Let o(x) = -3*x**2 + 84*x + 85. Calculate o(-1).
-2
Let h(y) = 2*y**2 + 6*y - 1. Determine h(-3).
-1
Let n(l) = 124*l**3 + 2*l**2 + 3*l + 2. What is n(-1)?
-123
Let d(c) = 2*c**3 - 5*c**2 - 10*c + 10. What is d(3)?
-11
Let n(r) = -3*r - 3. What is n(10)?
-33
Let r(k) = -k**3 - 9*k**2 + 20*k - 4. Give r(-11).
18
Let v(w) = -2*w**3 - 69*w**2 - 98*w + 43. Calculate v(-33).
10
Let o(s) = -2*s**3 - s**2 + 1. Determine o(-2).
13
Let z(f) = f**3 - 18*f**2 + 18*f. Calculate z(17).
17
Let v(i) = -i**2 + 24*i - 16. Give v(11).
127
Let n(r) = -r**3 - r**2 - r + 9. Give n(0).
9
Let j(h) = h**3 + 31*h**2 + 60*h + 71. What is j(-29)?
13
Let o(g) = g**3 + 15*g**2 + 15*g + 21. Calculate o(-14).
7
Let i(c) = -c**2 + 9*c + 2. Determine i(6).
20
Let f(p) = -8*p - 99. Calculate f(-10).
-19
Let s(b) = -2*b - 56. Give s(-22).
-12
Let y(n) = 11*n - 2. What is y(-1)?
-13
Let a(c) = -13*c**2 - c - 1. Calculate a(-1).
-13
Let y(p) = -8*p + 25. Calculate y(-8).
89
Let j(n) = -n - 13. What is j(-6)?
-7
Let g(l) = -3*l. Determine g(-1).
3
Let z(w) = -w**2 + 25. Calculate z(6).
-11
Let g(p) = 16*p**3 - p**2 + 8*p + 8. Determine g(-1).
-17
Let a(f) = -f**2 - 24*f - 113. Calculate a(-17).
6
Let h(n) = -7*n + 29. Give h(4).
1
Let r(p) = -p**3 + 8*p**2 + 14*p - 21. Give r(9).
24
Let q(x) = x + 5. Ca